{"id":3,"date":"2020-09-04T16:09:32","date_gmt":"2020-09-04T16:09:32","guid":{"rendered":"http:\/\/www.abservicegroup.eu\/sites\/abglass\/?page_id=3"},"modified":"2020-09-07T08:10:48","modified_gmt":"2020-09-07T08:10:48","slug":"informativa-privacy","status":"publish","type":"page","link":"https:\/\/www.abservicegroup.eu\/sites\/abglass\/informativa-privacy\/","title":{"rendered":"Informativa Privacy"},"content":{"rendered":"\r\n<h2><\/h2>\r\n<p>Lo scopo dell\u2019informativa privacy \u00e8 di fornire la massima trasparenza relativamente alle informazioni che il sito raccoglie e come le usa.<br \/>In ottemperanza degli obblighi derivanti dalla normativa nazionale (D. Lgs 30 giugno 2003 n. 196, Codice in materia di protezione dei dati personali, e successive modifiche) e europea (Regolamento europeo per la protezione dei dati personali n. 679\/2016, GDPR), il presente sito rispetta e tutela la riservatezza dei visitatori e degli utenti, ponendo in essere ogni sforzo possibile e proporzionato per non ledere i diritti degli utenti.<\/p>\r\n<p>&nbsp;<\/p>\r\n<p>In particolare, il presente sito\u00a0<strong>non pubblica annunci pubblicitari, non usa dati a fini di invio di pubblicit\u00e0<\/strong>, per\u00f2 fa uso di\u00a0<strong>servizi di terze parti<\/strong>\u00a0al fine di migliorare l\u2019utilizzo del sito, terze parti che potrebbero raccogliere dati degli utenti e poi usarli per inviare annunci pubblicitari personalizzati su altri siti. Ad esempio, il sito usa in alcuni casi<strong>\u00a0video di YouTube<\/strong>, i quali sono impostati in modo da non inviare cookie (e quindi non raccogliere dati) fino a quando l\u2019utente non avvia il video. Potete osservare, infatti, che al posto del video c\u2019\u00e8 solo un segnaposto (placeholder). Il sito usa anche\u00a0<strong>plugin sociali<\/strong>\u00a0per semplificare la condivisione degli articoli sui social network. Tali plugin sono configurati in modo che inviino cookie (e quindi eventualmente raccolgano dati) solo dopo che l\u2019utente ha cliccato.<br \/>Per ulteriori informazioni potete leggere l\u2019informativa completa qui sotto.<\/p>\r\n<p>&nbsp;<\/p>\r\n<p>&nbsp;<\/p>\r\n<h4><strong>Base giuridica del trattamento<\/strong><\/h4>\r\n<p>Il presente sito tratta i dati prevalentemente in base al\u00a0<strong>consenso<\/strong>\u00a0degli utenti. Il conferimento del consenso avviene tramite il banner posto in fondo alla pagina, oppure tramite l\u2019uso o la consultazione del sito, quale comportamento concludente. Con l\u2019uso o la consultazione del sito i visitatori e gli utenti approvano la presente informativa privacy e acconsentono al trattamento dei loro dati personali in relazione alle modalit\u00e0 e alle finalit\u00e0 di seguito descritte, compreso l\u2019eventuale diffusione a terzi se necessaria per l\u2019erogazione di un servizio. Tramite i moduli di comunicazione o di richiesta di servizi vengono raccolti ulteriori consensi relativi alla finalit\u00e0 specifica del servizio.<\/p>\r\n<p>Il conferimento dei dati e quindi il consenso alla raccolta e al trattamento dei dati \u00e8 facoltativo,\u00a0<strong>l\u2019Utente pu\u00f2 negare il consenso, e pu\u00f2 revocare in qualsiasi momento un consenso gi\u00e0 fornito<\/strong>\u00a0(tramite il banner posto a fondo pagina o le impostazioni del browser per i cookie, o il link Contatti). Tuttavia negare il consenso pu\u00f2 comportare l\u2019impossibilit\u00e0 di erogare alcuni servizi e l\u2019esperienza di navigazione nel sito sarebbe compromessa.<\/p>\r\n<p>&nbsp;<\/p>\r\n<h4><strong>Finalit\u00e0 del trattamento<\/strong><\/h4>\r\n<p>Il trattamento dei dati raccolti dal sito, oltre alle finalit\u00e0 connesse, strumentali e necessarie alla fornitura del servizio, \u00e8 volto alle seguenti finalit\u00e0:<\/p>\r\n<p>\u2013\u00a0<strong>Statistica (analisi)<\/strong><br \/>Raccolta di dati e informazioni in forma esclusivamente aggregata e anonima al fine di verificare il corretto funzionamento del sito. Nessuna di queste informazioni \u00e8 correlata alla persona fisica-Utente del sito, e non ne consentono in alcun modo l\u2019identificazione. Non occorre il consenso.<\/p>\r\n<p>\u2013\u00a0<strong>Sicurezza<\/strong><br \/>Raccolta di dati e informazioni al fine di tutelare la sicurezza del sito (filtri antispam, firewall, rilevazione virus) e degli Utenti e per prevenire o smascherare frodi o abusi a danno del sito web. I dati sono registrati automaticamente e possono eventualmente comprendere anche dati personali (indirizzo Ip) che potrebbero essere utilizzati, conformemente alle leggi vigenti in materia, al fine di bloccare tentativi di danneggiamento al sito medesimo o di recare danno ad altri utenti, o comunque attivit\u00e0 dannose o costituenti reato. Tali dati non sono mai utilizzati per l\u2019identificazione o la profilazione dell\u2019Utente e vengono cancellati periodicamente. Non occorre il consenso.<\/p>\r\n<p>\u2013\u00a0<strong>Attivit\u00e0 accessorie<\/strong><br \/>Comunicare i dati a terze parti che svolgono funzioni necessarie o strumentali all\u2019operativit\u00e0 del servizio (es. box commenti), e per consentire a terze parti di svolgere attivit\u00e0 tecniche, logistiche e di altro tipo per nostro conto. I fornitori hanno accesso solo ai dati personali che sono necessari per svolgere i propri compiti, e si impegnano a non utilizzare i dati per altri scopi, e sono tenuti a trattare i dati personali in conformit\u00e0 delle normative vigenti.<\/p>\r\n<p>&nbsp;<\/p>\r\n<h4><strong>\u00a0Dati raccolti<\/strong><\/h4>\r\n<p>Il presente sito raccoglie dati degli utenti in due modi.<\/p>\r\n<p>\u2013\u00a0<strong>Dati raccolti in maniera automatizzata<\/strong><br \/>Durante la navigazione degli Utenti possono essere raccolte le seguenti informazioni che vengono conservate nei file di log del server (hosting) del sito:<br \/>\u2013 indirizzo internet protocol (IP);<br \/>\u2013 tipo di browser;<br \/>\u2013 parametri del dispositivo usato per connettersi al sito;<br \/>\u2013 nome dell\u2019internet service provider (ISP);<br \/>\u2013 data e orario di visita;<br \/>\u2013 pagina web di provenienza del visitatore (referral) e di uscita;<br \/>\u2013 eventualmente il numero di click.<\/p>\r\n<p>Questi dati sono utilizzati a fini di statistica e analisi, in forma esclusivamente aggregata. L\u2019indirizzo IP \u00e8 utilizzato esclusivamente a fini di sicurezza e non \u00e8 incrociato con nessun altro dato.<\/p>\r\n<p>\u2013\u00a0<strong>Dati conferiti volontariamente<\/strong><\/p>\r\n<p>Il sito pu\u00f2 raccogliere altri dati in caso di utilizzo volontario di servizi da parte degli utenti, quali servizi di commenti, di comunicazione (moduli per contatti, box commenti), e verranno utilizzati esclusivamente per l\u2019erogazione del servizio richiesto:<br \/>\u2013 nome;<br \/>\u2013 indirizzo email.<\/p>\r\n<p>&nbsp;<\/p>\r\n<h4><strong>Luogo del trattamento<\/strong><\/h4>\r\n<p>I dati raccolti dal sito sono trattati presso la sede del Titolare del Trattamento, e presso il datacenter del web Hosting (VHosting Solution s.r.l Unipersonale \u2013 Via A. Telesino 67, Palermo, IT), che \u00e8 responsabile del trattamento dei dati, elaborando i dati per conto del titolare, si trova nello Spazio Economico Europeo e agisce in conformit\u00e0 delle norme europee.<\/p>\r\n<p>&nbsp;<\/p>\r\n<h4><strong>Periodo di conservazione dei dati<\/strong><\/h4>\r\n<p>I dati raccolti dal sito durante il suo funzionamento sono conservati per il tempo strettamente necessario a svolgere le attivit\u00e0 precisate. Alla scadenza i dati saranno cancellati o anonimizzati, a meno che non sussistano ulteriori finalit\u00e0 per la conservazione degli stessi.<\/p>\r\n<p>I dati (indirizzo IP) utilizzati a fini di sicurezza del sito (blocco tentativi di danneggiare il sito) sono conservati per 7 giorni.<\/p>\r\n<p>&nbsp;<\/p>\r\n<h4><strong>Trasferimento dei dati raccolti a terze parti<\/strong><\/h4>\r\n<p>I dati rilevati dal sito generalmente non vengono forniti a terzi, tranne che in casi specifici: legittima richiesta da parte dell\u2019autorit\u00e0 giudiziaria e nei soli casi previsti dalla legge; qualora sia necessario per la fornitura di uno specifico servizio richiesto dell\u2019Utente; per l\u2019esecuzione di controlli di sicurezza o di ottimizzazione del sito.<\/p>\r\n<p>&nbsp;<\/p>\r\n<h4><strong>Trasferimento dei dati in paesi extra UE<\/strong><\/h4>\r\n<p>Il presente sito potrebbe condividere alcuni dei dati raccolti con servizi localizzati al di fuori dell\u2019area dell\u2019Unione Europea. In particolare con Google, Facebook e Microsoft (LinkedIn) tramite i social plugin e il servizio di Google Analytics. Il trasferimento \u00e8 autorizzato in base a specifiche\u00a0<a title=\"Trasferimento dei dati personali verso Paesi terzi\" href=\"http:\/\/www.garanteprivacy.it\/home\/provvedimenti-normativa\/normativa\/normativa-comunitaria-e-intenazionale\/trasferimento-dei-dati-verso-paesi-terzi\" target=\"_blank\" rel=\"noopener noreferrer\">decisioni dell\u2019Unione Europea e del Garante per la tutela dei dati personali<\/a>, in particolare la decisione 1250\/2016 (<a title=\"Decisione di esecuzione (UE) 2016\/1250 della Commissione, del 12 luglio 2016, a norma della direttiva 95\/46\/CE del Parlamento europeo e del Consiglio, sull'adeguatezza della protezione offerta dal regime dello scudo UE-USA per la privacy [notificata con i\" href=\"https:\/\/eur-lex.europa.eu\/legal-content\/IT\/TXT\/?uri=CELEX%3A32016D1250\" target=\"_blank\" rel=\"noopener noreferrer\">Privacy Shield<\/a>\u00a0\u2013 qui la\u00a0<a title=\"Privacy Shield\" href=\"http:\/\/www.garanteprivacy.it\/web\/guest\/home\/docweb\/-\/docweb-display\/docweb\/5306161\" target=\"_blank\" rel=\"noopener noreferrer\">pagina informativa del Garante italiano<\/a>), per cui non occorre ulteriore consenso.\u00a0Le aziende sopra menzionate garantiscono la propria adesione al Privacy Shield.<\/p>\r\n<p>&nbsp;<\/p>\r\n<h2><\/h2>\r\n","protected":false},"excerpt":{"rendered":"<p>Lo scopo dell\u2019informativa privacy \u00e8 di fornire la massima trasparenza relativamente alle informazioni che il sito raccoglie e come le usa.In ottemperanza degli obblighi derivanti dalla normativa nazionale (D. Lgs 30 giugno 2003 n. 196, Codice in materia di protezione dei dati personali, e successive modifiche) e europea (Regolamento europeo per la protezione dei dati [&hellip;]<\/p>\n","protected":false},"author":1,"featured_media":0,"parent":0,"menu_order":0,"comment_status":"closed","ping_status":"closed","template":"","meta":{"_et_pb_use_builder":"","_et_pb_old_content":"","_et_gb_content_width":""},"_links":{"self":[{"href":"https:\/\/www.abservicegroup.eu\/sites\/abglass\/wp-json\/wp\/v2\/pages\/3"}],"collection":[{"href":"https:\/\/www.abservicegroup.eu\/sites\/abglass\/wp-json\/wp\/v2\/pages"}],"about":[{"href":"https:\/\/www.abservicegroup.eu\/sites\/abglass\/wp-json\/wp\/v2\/types\/page"}],"author":[{"embeddable":true,"href":"https:\/\/www.abservicegroup.eu\/sites\/abglass\/wp-json\/wp\/v2\/users\/1"}],"replies":[{"embeddable":true,"href":"https:\/\/www.abservicegroup.eu\/sites\/abglass\/wp-json\/wp\/v2\/comments?post=3"}],"version-history":[{"count":2,"href":"https:\/\/www.abservicegroup.eu\/sites\/abglass\/wp-json\/wp\/v2\/pages\/3\/revisions"}],"predecessor-version":[{"id":40,"href":"https:\/\/www.abservicegroup.eu\/sites\/abglass\/wp-json\/wp\/v2\/pages\/3\/revisions\/40"}],"wp:attachment":[{"href":"https:\/\/www.abservicegroup.eu\/sites\/abglass\/wp-json\/wp\/v2\/media?parent=3"}],"curies":[{"name":"wp","href":"https:\/\/api.w.org\/{rel}","templated":true}]}}