{"id":41,"date":"2020-09-07T08:11:03","date_gmt":"2020-09-07T08:11:03","guid":{"rendered":"http:\/\/www.abservicegroup.eu\/sites\/abglass\/?page_id=41"},"modified":"2020-09-07T08:11:03","modified_gmt":"2020-09-07T08:11:03","slug":"cookie-policy","status":"publish","type":"page","link":"https:\/\/www.abservicegroup.eu\/sites\/abglass\/cookie-policy\/","title":{"rendered":"Cookie Policy"},"content":{"rendered":"<p>Questo sito fa uso di cookie, file di testo che vengono registrati sul terminale dell\u2019utente oppure che consentono l\u2019accesso ad informazioni sul terminale dell\u2019utente. I cookie permettono di conservare informazioni sulle preferenze dei visitatori, sono utilizzati al fine di verificare il corretto funzionamento del sito e di migliorarne le funzionalit\u00e0 personalizzando il contenuto delle pagine in base al tipo del browser utilizzato, oppure per semplificarne la navigazione automatizzando le procedure (es. Login, lingua sito), ed infine per l\u2019analisi dell\u2019uso del sito da parte dei visitatori.<\/p>\n<p>Il presente sito fa uso delle seguenti categorie di cookie:<\/p>\n<p>\u2013\u00a0<strong>cookie tecnici<\/strong>, utilizzati al solo fine di effettuare la trasmissione di una comunicazione elettronica, per garantire la corretta visualizzazione del sito e la navigazione all\u2019interno di esso. Inoltre, consentono di distinguere tra i vari utenti collegati al fine di fornire un servizio richiesto all\u2019utente giusto (Login), e per motivi di sicurezza del sito. Alcuni di questi cookie sono eliminati alla chiusura del browser (cookie di sessione), altri hanno una durata maggiore (come ad esempio il cookie necessario per conservazione il consenso dell\u2019utente in relazione all\u2019uso dei cookie, che dura 1 anno). Per questi cookie non occorre consenso;<\/p>\n<p>\u2013\u00a0<strong>cookie di analisi<\/strong>, utilizzati direttamente dal gestore del sito per raccogliere informazioni, in forma aggregata, sul numero degli utenti e su come questi visitano il sito stesso. Sono assimilati ai cookie tecnici se il servizio \u00e8 anonimizzato.<\/p>\n<p>\u2013\u00a0<strong>cookie di profilazione e marketing<\/strong>, utilizzati esclusivamente da terze parti diverse dal titolare del presente sito per raccogliere informazioni sul comportamento deli utenti durante la navigazione, e sugli interessi e abitudini di consumo, anche al fine di fornire pubblicit\u00e0 personalizzata.<\/p>\n<p>Cliccando\u00a0<strong>OK sul banner<\/strong>\u00a0presente al primo accesso al sito oppure\u00a0<strong>navigando il sito<\/strong>, il visitatore acconsente espressamente all\u2019uso dei cookie e delle tecnologie similari, e in particolare alla registrazione di tali cookie sul suo terminale per le finalit\u00e0 sopra indicate, oppure all\u2019accesso tramite i cookie ad informazioni sul suo terminale.<\/p>\n<p><strong>\u00a0<\/strong><\/p>\n<p>&nbsp;<\/p>\n<h4><strong>Disabilitazione cookie<\/strong><\/h4>\n<p>L\u2019utente pu\u00f2 rifiutare l\u2019utilizzo dei cookie e in qualsiasi momento pu\u00f2 revocare un consenso gi\u00e0 fornito. Poich\u00e9 i cookie sono collegati al browser utilizzato,\u00a0<strong>POSSONO ESSERE DISABILITATI DIRETTAMENTE DAL BROWSER<\/strong>, cos\u00ec rifiutando\/revocando il consenso all\u2019uso dei cookie, oppure tramite il\u00a0<strong>banner posto a fondo pagina<\/strong>.<\/p>\n<p>LA DISABILITAZIONE DEI COOKIE POTREBBE IMPEDIRE IL CORRETTO UTILIZZO DI ALCUNE FUNZIONI DEL SITO STESSO, in particolare i servizi forniti da terze parti potrebbero non essere accessibili, e quindi potrebbero non essere visualizzabili:<br \/>\n\u2013 video di YouTube o altri servizi di condivisione video;<br \/>\n\u2013 i social button dei social network;<br \/>\n\u2013 le mappe di Google.<\/p>\n<p>Le istruzioni per la disabilitazione dei cookies si trovano alle seguenti pagine web:<\/p>\n<p><a href=\"https:\/\/support.mozilla.org\/it\/kb\/Attivare%20e%20disattivare%20i%20cookie\">Mozilla Firefox<\/a>\u00a0\u2013\u00a0<a href=\"https:\/\/support.microsoft.com\/it-it\/help\/17442\/windows-internet-explorer-delete-manage-cookies\">Microsoft Internet Explorer<\/a>\u00a0\u2013\u00a0<a href=\"https:\/\/support.microsoft.com\/it-it\/help\/4027947\/windows-delete-cookies\">Microsoft Edge<\/a>\u00a0\u2013\u00a0<a href=\"https:\/\/support.google.com\/chrome\/answer\/95647?hl=it\">Google Chrome<\/a>\u00a0\u2013\u00a0<a href=\"http:\/\/help.opera.com\/Windows\/10.00\/it\/cookies.html\">Opera<\/a>\u00a0\u2013\u00a0<a href=\"https:\/\/support.apple.com\/it-it\/HT201265\">Apple Safari<\/a><\/p>\n<p>&nbsp;<\/p>\n<h4><strong>Cookie di terze parti<\/strong><\/h4>\n<p>Questo sito funge anche da intermediario per cookie di terze parti (come i pulsanti per i social network), utilizzati per poter fornire ulteriori servizi e funzionalit\u00e0 ai visitatori e per semplificare l\u2019uso del sito stesso, o per fornire pubblicit\u00e0 personalizzata. Questo sito non ha alcun controllo sui loro cookie interamente gestiti dalle terze parti e non ha accesso alle informazioni raccolte tramite detti cookie. Le informazioni sull\u2019uso dei detti cookie e sulle finalit\u00e0 degli stessi, nonch\u00e9 sulle modalit\u00e0 per l\u2019eventuale disabilitazione, sono fornite direttamente dalle terze parti alle pagine indicate di seguito.<\/p>\n<p>Si rammenta che generalmente il tracciamento degli utenti non comporta identificazione dello stesso, a meno che l\u2019Utente non sia gi\u00e0 iscritto al servizio e non sia anche gi\u00e0 loggato, nel qual caso si intende che l\u2019Utente ha gi\u00e0 espresso il suo consenso direttamente alla terza parte al momento dell\u2019iscrizione al relativo servizio (es. Facebook).<\/p>\n<p>Il presente sito utilizza cookie delle seguenti terze parti.<\/p>\n<p>\u2013\u00a0<strong>Google Inc.<\/strong><br \/>\nPer informazioni sull\u2019uso dei dati e sul loro trattamento da parte di Google si raccomanda di prendere visione dell\u2019<a href=\"https:\/\/policies.google.com\/privacy?hl=it\">informativa privacy di Google<\/a>\u00a0e delle\u00a0<a href=\"https:\/\/policies.google.com\/technologies\/partner-sites?hl=it\">Modalit\u00e0 di utilizzo dei dati da parte di Google quando si utilizzano siti o app dei partner<\/a>.<\/p>\n<p>\u2013\u00a0<strong>Google<\/strong>\u00a0<strong>Analytics<\/strong>: utilizzato per analizzare l\u2019uso del sito da parte degli utenti, compilare report sulle attivit\u00e0 del sito e il comportamento degli utenti, verificare quanto spesso gli utenti visitano il sito, come il sito viene rintracciato e quali pagine sono visitate pi\u00f9 frequentemente. Le informazioni sono combinate con informazioni raccolte da altri siti al fine di creare un quadro comparativo dell\u2019uso del sito rispetto ad altri siti delle medesima categoria.<br \/>\nDati raccolti: identificativo del browser, data e orario di interazione col sito, pagina di provenienza, indirizzo IP.<br \/>\nLuogo di trattamento dei dati: Unione europea essendo attiva l\u2019anonimizzazione del servizio.<\/p>\n<p>I dati raccolti non consentono l\u2019identificazione personale degli utenti, e non sono incrociati con altre informazioni relative alla stessa persone. Sono\u00a0<strong>trattati in formaaggregata e anonimizzati<\/strong>\u00a0(troncati all\u2019ultimo ottetto). In base ad apposito accordo \u00e8 vietato a Google Inc. l\u2019incrocio di tali dati con quelli ricavati da altri servizi.<\/p>\n<p>Ulteriori informazioni sui cookies di Google Analytics si trovano alla pagina\u00a0<a href=\"https:\/\/developers.google.com\/analytics\/devguides\/collection\/analyticsjs\/cookie-usage\">Google Analytics Cookie Usage on Websites<\/a>.<\/p>\n<p>L\u2019utente pu\u00f2\u00a0<strong>disabilitare<\/strong>\u00a0(opt-out) in modo selettivo la raccolta dei dati da parte di Google Analytics\u00a0installando sul proprio browser l\u2019<a href=\"https:\/\/tools.google.com\/dlpage\/gaoptout\">apposito componente fornito da Google<\/a>(opt out).<\/p>\n<p>\u2013\u00a0<strong>Youtube<\/strong>: piattaforma, di propriet\u00e0 di Google, per la condivisione di video. I cookie sono impostati all\u2019accesso della pagine contenente l\u2019embed, e all\u2019avvio del video, e non consentono l\u2019identificazione dell\u2019Utente a meno che non sia gi\u00e0 loggato nel profilo Google.<br \/>\nPer i video presenti sul sito \u00e8 stata attivata l\u2019opzione\u00a0 \u201c<a href=\"https:\/\/support.google.com\/youtube\/answer\/171780?expand=PrivacyEnhancedMode#privacy\">privacy avanzata<\/a>\u00a0(no cookie)\u201d\u00a0che fa in modo che YouTube non memorizzi le informazioni sui visitatori a meno che non riproducano volontariamente il video.<br \/>\nDati raccolti: numero e comportamento degli utenti del servizio, indirizzo IP, informazioni che collegano le visite al sito all\u2019account Google per gli utenti gi\u00e0 loggati, preferenze sulla visualizzazione dei video.<br \/>\nLuogo di trattamento dei dati: USA.<\/p>\n<p>&nbsp;<\/p>\n<h4><strong>Plugin Social Network<\/strong><\/h4>\n<p>Il presente sito incorpora anche plugin e\/o bottoni al fine di consentire una facile condivisione dei contenuti sui vostri social network preferiti. Quando visiti una pagina del nostro sito web che contiene un plugin, il tuo browser si collega direttamente ai server del social network da dove \u00e8 caricato il plugin, il quale server pu\u00f2 tracciare la tua visita al nostro sito web e, se del caso, associarla al tuo account del social, in particolare se sei connesso al momento della visita o se hai recentemente navigato in uno dei siti web contenenti plugin social. Se non desideri che il social network registri i dati relativi alla tua visita sul nostro sito web, devi uscire dal tuo account del social e, probabilmente, eliminare i cookie che il social network ha installato nel tuo browser.<\/p>\n<p>Sul presente sito sono installati\u00a0<strong>plugin con funzioni di tutela avanzata della privacy degli Utenti<\/strong>, che non inviano cookie o accedono ai cookie presenti sul browser dell\u2019Utente all\u2019apertura della pagina ma solo dopo il click sul plugin.<\/p>\n<p>La raccolta e l\u2019uso delle informazioni da parte di tali terzi sono regolati dalle rispettive informative privacy alle quali si prega di fare riferimento.<\/p>\n<p>\u2013\u00a0<a href=\"https:\/\/www.facebook.com\/about\/privacy\/\">Facebook<\/a>\u00a0(<a href=\"https:\/\/www.facebook.com\/help\/cookies\/\">link informativa cookie<\/a>)<br \/>\n\u2013\u00a0<a href=\"https:\/\/twitter.com\/privacy?lang=it\">Twitter<\/a>\u00a0(<a href=\"https:\/\/support.twitter.com\/articles\/20170519-uso-dei-cookie-e-di-altre-tecnologie-simili-da-parte-di-twitter\">link informativa cookie<\/a>)<br \/>\n\u2013\u00a0<a href=\"https:\/\/www.linkedin.com\/legal\/privacy-policy\">LinkedIn<\/a>\u00a0(<a href=\"https:\/\/www.linkedin.com\/legal\/cookie-policy\">link informativa cookie<\/a>)<br \/>\n\u2013\u00a0<a href=\"https:\/\/www.google.com\/intl\/it\/policies\/privacy\/\">Google+<\/a>\u00a0(<a href=\"https:\/\/www.google.it\/intl\/it\/policies\/technologies\/cookies\/\">link informativa cookie<\/a>).<\/p>\n<p>&nbsp;<\/p>\n<h4><strong>Misure di sicurezza<\/strong><\/h4>\n<p>Trattiamo i dati dei visitatori\/utenti in maniera lecita e corretta, adottando le opportune misure di sicurezza volte ad impedire accessi non autorizzati, divulgazione, modifica o distruzione non autorizzata dei dati. Ci impegniamo a tutelare la sicurezza dei tuoi dati personali durante il loro invio, utilizzando il software Secure Sockets Layer (SSL), che cripta le informazioni in transito. Il trattamento viene effettuato mediante strumenti informatici e\/o telematici, con modalit\u00e0 organizzative e con logiche strettamente correlate alle finalit\u00e0 indicate. Oltre al Titolare, in alcuni casi, potrebbero avere accesso ai dati categorie di incaricati coinvolti nell\u2019organizzazione del sito ovvero soggetti esterni (come fornitori di servizi tecnici terzi, hosting provider).<\/p>\n<p><strong>Diritti dell\u2019utente<\/strong><\/p>\n<p>Ai sensi del Regolamento europeo 679\/2016 (GDPR) e dell\u2019art. 7 del\u00a0<a href=\"http:\/\/www.garanteprivacy.it\/web\/guest\/home\/docweb\/-\/docweb-display\/docweb\/1311248\">D. Lgs. 30 giugno 2003, n. 196<\/a>, l\u2019Utente pu\u00f2, secondo le modalit\u00e0 e nei limiti previsti dalla vigente normativa, esercitare i deguenti diritti:<\/p>\n<p>\u2013 opporsi in tutto o in parte, per motivi legittimi al trattamento dei dati personali che lo riguardano ai fini di invio di materiale pubblicitario o di vendita diretta o per il compimento di ricerche di mercato o di comunicazione commerciale;<br \/>\n\u2013 richiedere la conferma dell\u2019esistenza di dati personali che lo riguardano (diritto di accesso);<br \/>\n\u2013 conoscerne l\u2019origine;<br \/>\n\u2013 riceverne comunicazione intelligibile;<br \/>\n\u2013 avere informazioni circa la logica, le modalit\u00e0 e le finalit\u00e0 del trattamento;<br \/>\n\u2013 richiederne l\u2019aggiornamento, la rettifica, l\u2019integrazione, la cancellazione, la trasformazione in forma anonima, il blocco dei dati trattati in violazione di legge, ivi compresi quelli non pi\u00f9 necessari al perseguimento degli scopi per i quali sono stati raccolti;<br \/>\n\u2013 nei casi di trattamento basato su consenso, ricevere al solo costo dell\u2019eventuale supporto, i suoi dati forniti al titolare, in forma strutturata e leggibile da un elaboratore di dati e in un formato comunemente usato da un dispositivo elettronico;<br \/>\n\u2013 il diritto di presentare un reclamo all\u2019Autorit\u00e0 di controllo (Garante Privacy \u2013\u00a0<a href=\"http:\/\/www.garanteprivacy.it\/web\/guest\/home\/docweb\/-\/docweb-display\/docweb\/4535524\">link alla pagina del Garante<\/a>);<br \/>\n\u2013 nonch\u00e9, pi\u00f9 in generale, esercitare tutti i diritti che gli sono riconosciuti dalle vigenti disposizioni di legge.<\/p>\n<p>Le richieste vanno rivolte al Titolare del trattamento.<\/p>\n<h4><strong>Soggetti del trattamento<\/strong><\/h4>\n<p><strong>Titolare<\/strong>\u00a0del trattamento ai sensi delle leggi vigenti \u00e8 l\u2019amministratore del sito, Bruno SAETTA, contattabile tramite la sezione\u00a0<strong>CONTATTI\u00a0<\/strong>(link in fondo alla pagina).<\/p>\n<p>Il web hosting (VHosting Solution s.r.l Unipersonale \u2013 Via A. Telesino 67, Palermo, IT), \u00e8\u00a0<strong>responsabile<\/strong>\u00a0del trattamento, elaborando i dati per conto del titolare. VHosting si trova nello Spazio Economico Europeo e agisce in conformit\u00e0 delle norme europee (<a href=\"https:\/\/www.vhosting-it.com\/privacy-cookie-policy\">policy privacy di VHosting<\/a>).<br \/>\nGoogle \u00e8 nominato responsabile del trattamento, elaborando dati per conto del titolare (Google Analytics).<\/p>\n<p>&nbsp;<\/p>\n<h4><strong>Aggiornamenti<\/strong><\/h4>\n<p>La presente privacy policy \u00e8 aggiornata alla data del 6 giugno 2018.<\/p>\n<p>&nbsp;<\/p>\n<p>&nbsp;<\/p>\n<p>&nbsp;<\/p>\n<p>&nbsp;<\/p>\n<p>&nbsp;<\/p>\n<ol>\n<li><strong>Cosa sono i cookie?<\/strong><\/li>\n<\/ol>\n<p>I cookie sono piccoli file di testo che i siti visitati dagli utenti inviano ai loro terminali, ove vengono memorizzati per essere poi ritrasmessi agli stessi siti alla visita successiva. I cookie delle c.d. \u201cterze parti\u201d vengono, invece, impostati da un sito web diverso da quello che l\u2019utente sta visitando. Questo perch\u00e9 su ogni sito possono essere presenti elementi (immagini, mappe, suoni, specifici link a pagine web di altri domini, ecc.) che risiedono su server diversi da quello del sito visitato.<\/p>\n<ol start=\"2\">\n<li><strong>A cosa servono i cookie?<\/strong><\/li>\n<\/ol>\n<p>I cookie sono usati per differenti finalit\u00e0: esecuzione di autenticazioni informatiche, monitoraggio di sessioni, memorizzazione di informazioni su specifiche configurazioni riguardanti gli utenti che accedono al server, memorizzazione delle preferenze, ecc.<\/p>\n<ol start=\"3\">\n<li><strong>Cosa sono i cookie \u201ctecnici\u201d?<\/strong><\/li>\n<\/ol>\n<p>Sono i cookie che servono a effettuare la navigazione o a fornire un servizio richiesto dall\u2019utente. Non vengono utilizzati per scopi ulteriori e sono normalmente installati direttamente dal titolare del sito web.<\/p>\n<p>Senza il ricorso a tali cookie, alcune operazioni non potrebbero essere compiute o sarebbero pi\u00f9 complesse e\/o meno sicure, come ad esempio le attivit\u00e0 di home banking (visualizzazione dell\u2019estratto conto, bonifici, pagamento di bollette, ecc.), per le quali i cookie, che consentono di effettuare e mantenere l\u2019identificazione dell\u2019utente nell\u2019ambito della sessione, risultano indispensabili.<\/p>\n<ol start=\"4\">\n<li><strong>I cookie analytics sono cookie \u201ctecnici\u201d?<\/strong><\/li>\n<\/ol>\n<p>No. Il Garante (cfr.\u00a0<a href=\"http:\/\/www.garanteprivacy.it\/garante\/doc.jsp?ID=3118884\">provvedimento dell\u20198 maggio 2014<\/a>) ha precisato che possono essere assimilati ai cookie tecnici soltanto se utilizzati a fini di ottimizzazione del sito direttamente dal titolare del sito stesso, che potr\u00e0 raccogliere informazioni in forma aggregata sul numero degli utenti e su come questi visitano il sito. A queste condizioni, per i cookie analytics valgono le stesse regole, in tema di informativa e consenso, previste per i cookie tecnici.<\/p>\n<ol start=\"5\">\n<li><strong>Cosa sono i cookie \u201cdi profilazione\u201d?<\/strong><\/li>\n<\/ol>\n<p>Sono i cookie utilizzati per tracciare la navigazione dell\u2019utente in rete e creare profili sui suoi gusti, abitudini, scelte, ecc. Con questi cookie possono essere trasmessi al terminale dell\u2019utente messaggi pubblicitari in linea con le preferenze gi\u00e0 manifestate dallo stesso utente nella navigazione online.<\/p>\n<ol start=\"6\">\n<li><strong>\u00c8 necessario il consenso dell\u2019utente per l\u2019installazione dei cookie sul suo terminale?<\/strong><\/li>\n<\/ol>\n<p>Dipende dalle finalit\u00e0 per le quali i cookie vengono usati e, quindi, se sono cookie \u201ctecnici\u201d o di \u201cprofilazione\u201d.<\/p>\n<p>Per l\u2019installazione dei cookie tecnici non \u00e8 richiesto il consenso degli utenti, mentre \u00e8 necessario dare l\u2019informativa (art. 13 del Codice privacy). I cookie di profilazione, invece, possono essere installati sul terminale dell\u2019utente soltanto se questo abbia espresso il proprio consenso dopo essere stato informato con modalit\u00e0 semplificate.<\/p>\n<ol start=\"7\">\n<li><strong>In che modo il titolare del sito deve fornire l\u2019informativa semplificata e richiedere il consenso all\u2019uso dei cookie di profilazione?<\/strong><\/li>\n<\/ol>\n<p>Come stabilito dal Garante nel provvedimento indicato alla domanda n. 4, l\u2019informativa va impostata su due livelli.<\/p>\n<p>Nel momento in cui l\u2019utente accede a un sito web (sulla home page o su qualunque altra pagina), deve immediatamente comparire un banner contenente una prima informativa \u201cbreve\u201d, la richiesta di consenso all\u2019uso dei cookie e un link per accedere ad un\u2019informativa pi\u00f9 \u201cestesa\u201d. In questa pagina, l\u2019utente potr\u00e0 reperire maggiori e pi\u00f9 dettagliate informazioni sui cookie scegliere quali specifici cookie autorizzare.<\/p>\n<ol start=\"8\">\n<li><strong>Come deve essere realizzato il banner?<\/strong><\/li>\n<\/ol>\n<p>Il banner deve avere dimensioni tali da coprire in parte il contenuto della pagina web che l\u2019utente sta visitando. Deve poter essere eliminato soltanto tramite un intervento attivo dell\u2019utente, ossia attraverso la selezione di un elemento contenuto nella pagina sottostante.<\/p>\n<ol start=\"9\">\n<li><strong>Quali indicazioni deve contenere il banner?<\/strong><\/li>\n<\/ol>\n<p>Il banner deve specificare che il sito utilizza cookie di profilazione, eventualmente anche di \u201cterze parti\u201d, che consentono di inviare messaggi pubblicitari in linea con le preferenze dell\u2019utente.<\/p>\n<p>Deve contenere il link all\u2019informativa estesa e l\u2019indicazione che, tramite quel link, \u00e8 possibile negare il consenso all\u2019installazione di qualunque cookie.<\/p>\n<p>Deve precisare che se l\u2019utente sceglie di proseguire \u201csaltando\u201d il banner, acconsente all\u2019uso dei cookie.<\/p>\n<ol start=\"10\">\n<li><strong>In che modo pu\u00f2 essere documentata l\u2019acquisizione del consenso effettuata tramite l\u2019uso del banner?<\/strong><\/li>\n<\/ol>\n<p>Per tenere traccia del consenso acquisito, il titolare del sito pu\u00f2 avvalersi di un apposito cookie tecnico, sistema non particolarmente invasivo e che non richiede a sua volta un ulteriore consenso.<\/p>\n<p>In presenza di tale \u201cdocumentazione\u201d, non \u00e8 necessario che l\u2019informativa breve sia riproposta alla seconda visita dell\u2019utente sul sito, ferma restando la possibilit\u00e0 per quest\u2019ultimo di negare il consenso e\/o modificare, in ogni momento e in maniera agevole, le proprie opzioni, ad esempio tramite accesso all\u2019informativa estesa, che deve essere quindi linkabile da ogni pagina del sito.<\/p>\n<ol start=\"11\">\n<li><strong>Il consenso online all\u2019uso dei cookie pu\u00f2 essere chiesto solo tramite l\u2019uso del banner?<\/strong><\/li>\n<\/ol>\n<p>No. I titolari dei siti hanno sempre la possibilit\u00e0 di ricorrere a modalit\u00e0 diverse da quella individuata dal Garante nel provvedimento sopra indicato, purch\u00e9 le modalit\u00e0 prescelte presentino tutti i requisiti di validit\u00e0 del consenso richiesti dalla legge.<\/p>\n<ol start=\"12\">\n<li><strong>L\u2019obbligo di usare il banner grava anche sui titolari di siti che utilizzano solo cookie tecnici?<\/strong><\/li>\n<\/ol>\n<p>No. In questo caso, il titolare del sito pu\u00f2 dare l\u2019informativa agli utenti con le modalit\u00e0 che ritiene pi\u00f9 idonee, ad esempio, anche tramite l\u2019inserimento delle relative indicazioni nella privacy policy indicata nel sito.<\/p>\n<ol start=\"13\">\n<li><strong>Cosa deve indicare l\u2019informativa \u201cestesa\u201d?<\/strong><\/li>\n<\/ol>\n<p>Deve contenere tutti gli elementi previsti dalla legge, descrivere analiticamente le caratteristiche e le finalit\u00e0 dei cookie installati dal sito e consentire all\u2019utente di selezionare\/deselezionare i singoli cookie.<\/p>\n<p>Deve includere il link aggiornato alle informative e ai moduli di consenso delle terze parti con le quali il titolare ha stipulato accordi per l\u2019installazione di cookie tramite il proprio sito.<\/p>\n<p>Deve richiamare, infine, la possibilit\u00e0 per l\u2019utente di manifestare le proprie opzioni sui cookie anche attraverso le impostazioni del browser utilizzato.<\/p>\n<ol start=\"14\">\n<li><strong>Chi \u00e8 tenuto a fornire l\u2019informativa e a richiedere il consenso per l\u2019uso dei cookie?<\/strong><\/li>\n<\/ol>\n<p>Il titolare del sito web che installa cookie di profilazione.<\/p>\n<p>Per i cookie di terze parti installati tramite il sito, gli obblighi di informativa e consenso gravano sulle terze parti, ma il titolare del sito, quale intermediario tecnico tra queste e gli utenti, \u00e8 tenuto a inserire nell\u2019informativa \u201cestesa\u201d i link aggiornati alle informative e ai moduli di consenso delle terze parti stesse.<\/p>\n<ol start=\"15\">\n<li><strong>L\u2019uso dei cookie va notificato al Garante?<\/strong><\/li>\n<\/ol>\n<p>I cookie di profilazione, che di solito permangono nel tempo, sono soggetti all\u2019obbligo di notificazione, mentre i cookie che hanno finalit\u00e0 diverse e che rientrano nella categoria dei cookie tecnici, non debbono essere notificati al Garante.<\/p>\n<ol start=\"16\">\n<li><strong>Quando entrano in vigore le misure prescritte dal Garante con il provvedimento dell\u20198 maggio 2014?<\/strong><\/li>\n<\/ol>\n<p>Il Garante ha previsto un periodo transitorio di un anno a decorrere dalla pubblicazione del provvedimento in Gazzetta Ufficiale per consentire ai soggetti interessati di mettersi in regola. Tale periodo terminer\u00e0 il 2 giugno 2015.<\/p>\n<p>&nbsp;<\/p>\n","protected":false},"excerpt":{"rendered":"<p>Questo sito fa uso di cookie, file di testo che vengono registrati sul terminale dell\u2019utente oppure che consentono l\u2019accesso ad informazioni sul terminale dell\u2019utente. I cookie permettono di conservare informazioni sulle preferenze dei visitatori, sono utilizzati al fine di verificare il corretto funzionamento del sito e di migliorarne le funzionalit\u00e0 personalizzando il contenuto delle pagine [&hellip;]<\/p>\n","protected":false},"author":1,"featured_media":0,"parent":0,"menu_order":0,"comment_status":"closed","ping_status":"closed","template":"","meta":{"_et_pb_use_builder":"","_et_pb_old_content":"","_et_gb_content_width":""},"_links":{"self":[{"href":"https:\/\/www.abservicegroup.eu\/sites\/abglass\/wp-json\/wp\/v2\/pages\/41"}],"collection":[{"href":"https:\/\/www.abservicegroup.eu\/sites\/abglass\/wp-json\/wp\/v2\/pages"}],"about":[{"href":"https:\/\/www.abservicegroup.eu\/sites\/abglass\/wp-json\/wp\/v2\/types\/page"}],"author":[{"embeddable":true,"href":"https:\/\/www.abservicegroup.eu\/sites\/abglass\/wp-json\/wp\/v2\/users\/1"}],"replies":[{"embeddable":true,"href":"https:\/\/www.abservicegroup.eu\/sites\/abglass\/wp-json\/wp\/v2\/comments?post=41"}],"version-history":[{"count":1,"href":"https:\/\/www.abservicegroup.eu\/sites\/abglass\/wp-json\/wp\/v2\/pages\/41\/revisions"}],"predecessor-version":[{"id":42,"href":"https:\/\/www.abservicegroup.eu\/sites\/abglass\/wp-json\/wp\/v2\/pages\/41\/revisions\/42"}],"wp:attachment":[{"href":"https:\/\/www.abservicegroup.eu\/sites\/abglass\/wp-json\/wp\/v2\/media?parent=41"}],"curies":[{"name":"wp","href":"https:\/\/api.w.org\/{rel}","templated":true}]}}